. Let u be y(-18). Suppose 0 = -0*m - 2*m + u. What is the tens digit of m?
2
Let c(v) = -3*v + 4. Let d(z) = -z**3 - 15*z**2 - 13*z + 12. Let g be d(-14). What is the units digit of c(g)?
0
Let c = 6 - 4. Let y = 4 + -1. What is the units digit of (c/2)/(1/y)?
3
Let j(f) = f**3 + 4*f**2 - 4*f + 1. Let m be j(-5). Let z = m - -7. Suppose z*w = 28 + 23. What is the tens digit of w?
1
Suppose 0 = -5*v + 125 - 35. Let m = v - 15. What is the units digit of m?
3
Let o be ((-10)/(-6) - 2)*-3. Let i be 16/(-12) - o/(-3). What is the units digit of (-134)/(-8) + i/(-4)?
7
Let n = 568 - 399. What is the units digit of n?
9
Let s be 4*-2*3/(-3). What is the units digit of (-30)/(-8) + 2/s?
4
Let k(f) = f**2 + 8*f. Let j(z) = 4*z + 10. Let n be j(-5). What is the units digit of k(n)?
0
Suppose 0 = -8*k + 3*k - 5. What is the units digit of (-18)/(-3) + k/1?
5
Let f = -8 + 27. Let l = -8 + f. What is the units digit of l?
1
What is the units digit of -25*(-1 + 2/10)?
0
Let i(a) = -a**3 + a**2 - 2. Let y = -7 + 10. Suppose y + 3 = -3*g. What is the tens digit of i(g)?
1
Let b = -62 - -44. What is the tens digit of (-1 + -4)/(6/b)?
1
Let y = 0 - -7. Let s = -11 + y. What is the units digit of 3 + 3/((-6)/s)?
5
Let k be (1 - 2)*2 - 2. Let c(n) = -n**3 - 4*n**2 + 4*n - 3. Let g be c(-5). What is the units digit of g/k - 14/(-4)?
3
What is the units digit of 0 + 6*5 + -1?
9
Suppose 0 = -4*s - s + 140. Suppose 2*t + s = -18. Let o = t + 46. What is the tens digit of o?
2
Suppose -69 = 4*o + 2*k - k, -o - 6 = 4*k. Let t = -16 - -5. Let s = t - o. What is the units digit of s?
7
Let j = 30 - 19. What is the tens digit of j?
1
Let u = 3 - 1. Suppose -4*d + 18 = 3*t, -u*d = -2*t + 20 - 8. What is the units digit of t?
6
Let z be 1*(-3)/6*-22. Let s = z - -7. What is the tens digit of s?
1
Let s(w) = -5*w - 24. Let n be s(-8). Suppose 0 = 3*l - l - 6. Suppose -n = -3*p + 2*p + 2*r, p = -l*r + 21. What is the units digit of p?
8
Suppose -5*j - 2*m + 35 = 0, 14 = 5*j - 5*m - 56. What is the units digit of j?
9
Let b be 5/20 - (-7)/4. Suppose -q - 8 = -3*h + q, -b*h + q + 4 = 0. Suppose -5*t + 28 + 47 = h. What is the units digit of t?
5
Let h(w) = -w**3 + 3*w**2 + 5*w - 4. Suppose -25 = -5*f - 5*i, -2*i = -5*f + 43 + 10. Let n = f - 6. What is the tens digit of h(n)?
1
Suppose 3*b = 8*b. Suppose b = o + 3*o + k - 11, -o + k + 4 = 0. Suppose -2*x = 3*f - 2, -x - 8*f = -o*f - 1. What is the units digit of x?
1
Let n(d) = -d**3 - 6*d**2 + d + 6. Let u be n(-6). Suppose 4*t = -u*t + 12. Let k = t - -8. What is the tens digit of k?
1
Suppose 2*m = 4*m - 8. Let g = m - 3. Let i = 0 + g. What is the units digit of i?
1
Suppose -2*x + 106 = 4*u, 23 = u - 0*u + 4*x. What is the tens digit of u?
2
Suppose 0 = -3*v - 3*p + 12, 8*v - 4*p - 16 = 4*v. Suppose -c = -v*c - 6. Let x(q) = -3*q**3 - 3*q**2 + q + 2. What is the units digit of x(c)?
2
Suppose -i - 3*i + 16 = 0. Suppose 1 = -m + i. Suppose -2*n = -m - 19. What is the units digit of n?
1
Suppose c + 50 = 2*c. Suppose -3 - 3 = -3*w, -3*w = 4*x - c. Let n = x + -4. What is the units digit of n?
7
Let a = -30 + 51. What is the units digit of a?
1
Suppose 0 = s + 3*s + 32. Let g = -6 - s. What is the units digit of g?
2
Suppose -29*l + 24*l + 135 = 0. What is the units digit of l?
7
Suppose n = i - 10, -2*n + 4 + 4 = 2*i. What is the units digit of i?
7
Suppose t + 45 - 211 = -4*c, -3*c + 118 = 4*t. What is the tens digit of (5 + -3)*c/4?
2
Let g(h) be the first derivative of -h**2/2 - 2*h - 2. Let w be g(-5). Suppose -5 = j, -w*p = 5*j + 22 - 0. What is the units digit of p?
1
Let l = -81 + 124. What is the tens digit of l?
4
Let w be 6/1 + 1 - 1. Let o be 6/2*8/w. Let p = 6 - o. What is the units digit of p?
2
Let i = 45 + -8. What is the units digit of i?
7
What is the units digit of (-1300)/(-15) - 2/(-6)?
7
Let v(k) = -k**3 + 13*k**2 - 6*k - 10. What is the units digit of v(12)?
2
Suppose -18 = -2*r + 4*v, -5*r = -4*v + 6*v - 105. What is the tens digit of r?
1
Let q = -2 - -4. Let x be 0/(-3) + q + -6. Let l(v) = -3*v - 6. What is the units digit of l(x)?
6
Let w = -5 - -12. Let p(s) = s - 5. What is the units digit of p(w)?
2
Let x = -64 - -90. What is the units digit of x?
6
Suppose -2*s + 39 = -185. What is the tens digit of s?
1
Suppose 4*j - 4 = u, 3*u - 2*j + 12 = -6*j. Let p = 0 - u. Suppose -5*a + 21 = p*w, 2*a + 3*w + 3 = 17. What is the units digit of a?
1
Let v(m) = m**3 + 7*m**2 - 9*m - 1. Suppose -4 = 4*r - 0. Let w be (5/10)/(r/16). What is the units digit of v(w)?
7
Suppose 2*u - 12 = 12. What is the units digit of u?
2
Let r(x) = -14*x - 10. What is the tens digit of r(-7)?
8
Let q(m) = -19*m**2 - m. Let l be q(-1). Let f = l + 31. What is the units digit of f?
3
Let u(d) = 5*d - 1. Let c be u(-1). Let l = 4 - c. What is the units digit of 84/10 + (-4)/l?
8
Let t be 2 + 3 - (-2 - -1). Suppose -3*b + t*o - o = -16, -4*b = -5*o - 18. Suppose -18 = -b*f - i - 3*i, -2*f + 18 = -5*i. What is the units digit of f?
9
Suppose 2*q = y - 70, 5*q + 191 = 4*y - 92. What is the units digit of y?
2
Let l(s) = -3 - s**2 + 4 + 0*s**2 - 2*s**3 + s. Let x(y) = -3*y - 20. Let t be x(-6). What is the tens digit of l(t)?
1
Let f = 9 - 0. Let b = f - 15. What is the tens digit of -45*(8/b + 1)?
1
Suppose 3*d + 40 = 3*o + 2*o, 2*o + 16 = -2*d. What is the tens digit of (-2 + 0/(-1))*d?
2
Let u be ((-12)/(-10))/(2/5). Suppose -u*t - 2*c + 24 = 0, -3*t - 2*t + 40 = -3*c. Suppose 3*i - t + 30 = 5*z, -19 = -3*z - 4*i. What is the units digit of z?
5
Let r(k) = k**3 - 9*k**2 - 7*k - 5. What is the units digit of r(10)?
5
Let z = -23 - 3. Let a = -10 - z. Let c = a + 0. What is the tens digit of c?
1
Let u = -166 + 354. What is the units digit of u?
8
Let p(g) = g + 3. Let u be p(3). Suppose t - u*r = -2*r - 5, -t = r + 20. What is the units digit of 2/(-1 - 1) - t?
6
Let x be (-2 - (-5 + 1)) + 6. Suppose -4 = -m - 2*p - 0, -3*m = -3*p - 21. Let h = x - m. What is the units digit of h?
2
Suppose -3*d + 8 = -7. Suppose -w + 2 = -d. What is the units digit of w*(-3 + (2 - -3))?
4
Let h be (10/(-4))/(2/(-12)). What is the tens digit of 24/2 + h/5?
1
Suppose 0*q + 5*v = 2*q - 5, -q + 2*v + 1 = 0. Let y = q + 7. Suppose -8 = y*t - 4*t. What is the units digit of t?
4
Let c = -8 + 5. What is the units digit of 1/c*(2 - 23)?
7
What is the units digit of (-2794)/(-14) + 18/42?
0
Suppose -s + 6*s = y + 641, 5*s - 635 = -5*y. What is the units digit of s?
8
Let p(b) = 11*b - 29. What is the tens digit of p(11)?
9
Let k(i) = 1 - 2 + 6 - 11*i - 4. Let y be k(-5). Suppose 0 = -4*w, 4*q = -w - 2*w + y. What is the tens digit of q?
1
Let a(v) = v + 4. Let x be a(0). Let p(c) = c**3 - 4*c**2 + 2. What is the units digit of p(x)?
2
Let g = 13 - 8. Suppose 2*t = j + 2*j - 1, g*j - 25 = 0. What is the units digit of t?
7
Suppose -238 = -6*d - 52. What is the units digit of d?
1
Let x be 2 - (-9)/(3*-1). Let d(f) = -7*f**2 + 2. Let g(k) = 10*k**2 - 3. Let w(s) = -8*d(s) - 5*g(s). What is the units digit of w(x)?
5
Let b(m) = m**2 + 14. Let u be b(0). Suppose -5*i + 126 = -u. What is the tens digit of i?
2
Let t = 11 - 30. Let s = t - -35. What is the units digit of s?
6
Let q = 4 - -8. What is the units digit of q?
2
Let t(j) = 2*j**2 + 6*j + 3. Let u(s) = 5*s**2 + 18*s + 9. Let g(r) = -8*t(r) + 3*u(r). What is the units digit of g(6)?
3
Let v(o) = -39*o - 5. What is the tens digit of v(-2)?
7
Suppose 118 = 4*v + 3*q, 2*q + 50 = 2*v - q. Suppose -4*k + 4 = -3*k. Suppose -13 = -4*n - p, -5*n - k*p = -n - v. What is the units digit of n?
2
Let z = 101 - 46. What is the units digit of z?
5
Let k(n) = -n**2 - 5*n + 9. What is the units digit of k(-5)?
9
Let g(l) = l**3 - 7*l**2 + 4*l + 4. Let s be g(6). Let q be (-1 - s) + 2/(-1). Suppose -u + q - 2 = 0. What is the units digit of u?
3
Suppose 0 = -4*z + 71 + 601. Suppose 0 = -5*b + 7 + z. What is the units digit of b?
5
Let r(c) = c**2 + 2*c - 4. Let j be r(6). Suppose 5*n + j + 201 = 0. Let d = -33 - n. What is the tens digit of d?
1
Let q = -58 - -85. What is the units digit of q?
7
Suppose -3*j - 3*l - 2*l + 50 = 0, 0 = -j - 5*l + 10. Let a = j + -5. What is the tens digit of a?
1
Let m = 338 - 126. Suppose 20 - m = -4*h. What is the tens digit of h?
4
Suppose 0 = -3*z + o + 3*o + 35, 4*z - 5*o = 4